Let f(w) = -6*w**2 - w - 1. Let p(y) = -4*f(y) - 5*j(y). Let s be (33/(-9) - -1)/((-2)/(-3)). What is the units digit of p(s)?
2
Suppose 0 = -4*l - 3*r + 7629 + 5973, 3*l + 2*r = 10202. What is the units digit of l?
2
Let i be 388*((-28)/(-16))/7. Suppose -4*r - i = 2*d - 3*d, -r = -3*d + 269. What is the tens digit of d?
8
Let v(q) = 52*q - 6 - 54*q + 24. What is the tens digit of v(0)?
1
Let q be -1*(-3 + 1 - 2). Let p be -3 - q*(-6)/(-8). Let r = 5 - p. What is the tens digit of r?
1
Let s(l) = -94*l**3 + 8*l**2 - 3*l - 46. What is the tens digit of s(-4)?
1
Suppose a = 3*b - 10621, 0 = b - 3*a - 4699 + 1172. What is the thousands digit of b?
3
Let u be (4 + -3)*(1 + 7). Suppose b - 2*z = -u, 5 = 2*z - 3. Suppose -4*p + 20 = 4*w, -p + 3*w + 6 + 11 = b. What is the units digit of p?
8
Suppose 0 = 4*d - 17937 + 5109. What is the tens digit of d?
0
Let z(q) be the third derivative of q**4/6 + q**3/6 + 7*q**2. What is the tens digit of z(3)?
1
Suppose -5*o = -4*z + 41, 3*o - 2 = -3*z + 22. Suppose -y + 750 = z*y. What is the units digit of y?
5
Let p(j) be the second derivative of -j**5/20 + j**4/12 + j**3/6 + 11*j**2 + 7*j. What is the units digit of p(0)?
2
Let d(t) = -t**3 + 10*t**2 - t + 2. Let j be d(10). Let l(k) = 5*k - 3. Let p be l(j). Let b = p - -64. What is the tens digit of b?
2
Let m = -45 + 45. Suppose m = -5*j + 18 + 2. What is the units digit of j?
4
Let x(r) = -r**2 + 13*r - 16. Let a(l) = -2*l - 8. Let d be a(-7). Suppose 0 = f - 5 - d. What is the units digit of x(f)?
6
Suppose 196*j + 24 = 199*j. Suppose 4*i - 4 - 8 = 0. What is the units digit of -3 - (-4 + i - j)?
6
Let s(m) = -m + 1. Let q be s(1). What is the tens digit of q - 4 - (-60)/3?
1
Let h = 56 - 53. Suppose -h*t - t = -688. What is the units digit of t?
2
Let r be 1 - 3/((-9)/6). Suppose -5*n + 5*u = 45, -2*n = -r*n - 4*u + 16. What is the tens digit of (-38)/n*(3 - 1)?
1
Let v(l) = -l - 5. Let b be (-2 + 2 + 0)/1. Suppose -5*d - 3*y = 55, b = -5*d - 2*y + 10 - 60. What is the units digit of v(d)?
3
Let j(f) = f + 21. Suppose 0 = -0*x + 2*x - 6. Suppose -x*v + 3*i - 15 = 0, -2*v + 4*i + 2 - 4 = 0. What is the units digit of j(v)?
2
Let t be 3/(-2)*-2 + -3. Let u be ((-4)/12 + t)*3. What is the tens digit of (-2 - -38)/2 + u?
1
Let o = 1012 - 653. What is the hundreds digit of o?
3
Suppose -1518 = 4*p + 1158. What is the tens digit of p/(-21) - (-4)/28?
3
Let n(y) = y**2 - 10*y + 65. Let b be n(5). Let m be 18/4*(-8)/(-6). Suppose u + 5*i - b = m*i, 4*u + i - 180 = 0. What is the units digit of u?
4
Let i be ((-1)/1)/((-2)/(-4)). Let s be 5/((15/5)/3). What is the units digit of (4/s)/(i/(-5))?
2
Suppose 4*r + f - 374 = 0, 3*r - 2*f - 322 = -47. Suppose -3*w - 3*o = -54, -4*o + r = 6*w - w. What is the units digit of w?
1
Suppose 5*m = -2*z + 2167, -2*z = 3 - 5. What is the hundreds digit of m?
4
Let t(z) = 82*z**3 + 3*z**2 - 1. Let k be t(1). Let y = 23 + k. What is the tens digit of y?
0
Let p = 64 - 58. Suppose p*c = c + 1595. What is the tens digit of c?
1
Suppose d - 3*d = -4. Suppose 4*w = -2 - d. What is the units digit of (w/3)/((-2)/12)?
2
Suppose o + 2*t = -6, 2*o - 2*t = -t - 12. Let x(k) = -k - 5. Let v be x(o). What is the tens digit of (42/(-56))/(v/(-24))?
1
Let x = -400 - -2878. What is the thousands digit of x?
2
What is the units digit of 14/(-63) - (-2 + 21/27)?
1
Suppose -w - 16 = -3*u - 3*w, -8 = -4*w. Let f = u + -1. What is the units digit of (f - 1)/((-8)/(-76))?
9
Suppose -4*r + 15 = -a, -a + r = 3*a + 60. Let i(s) = s**2 - 13. What is the tens digit of i(a)?
1
Let l(c) = -c**3 + 2*c**2 + c - 2. Let x be l(2). Suppose 0 = -3*k - k + 148. Suppose x = 2*w - k - 51. What is the units digit of w?
4
Suppose 118*j - 116*j = 578. What is the tens digit of j?
8
What is the hundreds digit of 2/3 - 10115/(-51)?
1
Let t = 358 - 19. Suppose 2*c + 123 - t = 0. What is the tens digit of c?
0
Let k = 1675 + -550. What is the tens digit of k?
2
Let b(s) = s**3 - 12*s**2 + 14*s - 6. Let x be b(11). Let l = x - 18. Let t = l - -17. What is the units digit of t?
6
Suppose -6*r = -5*r - 2*j - 73, -4*j = 3*r - 239. What is the tens digit of r?
7
Let i(s) = s**3 - 11*s**2 + 12*s - 8. Let u be (-6 - 1)*20/(-14). Let m be i(u). What is the units digit of 1*m*11/22?
6
Suppose 71*l = 77*l - 1302. What is the hundreds digit of l?
2
Suppose v - 5 = 2. Let z = 9 - v. Suppose z*j = u + 52, 0 = j + 3*j - 3*u - 104. What is the tens digit of j?
2
Let z be 0/(-2 - (-6 + 2)). Suppose -6*i + 4*i + 10 = z. Suppose -2*c - 5 = i, -x = -c - 32. What is the units digit of x?
7
Let b(t) = -t**3 - 51*t**2 - 22*t + 113. What is the hundreds digit of b(-51)?
2
Let d be 110 + -16 - (1 + 0). Let u = d + -6. What is the units digit of u?
7
Let o(f) be the third derivative of -f**6/120 + 11*f**5/60 + 13*f**4/24 - 10*f**3/3 - 20*f**2. What is the units digit of o(9)?
9
Let m(p) = 122*p**2 - 3*p - 6. What is the units digit of m(-4)?
8
What is the units digit of (-30 - 11)/(0 + 2/(-14))?
7
Let m be (132/55)/((-6)/140). Let r = 8 - m. What is the units digit of r?
4
Let t be 10*((-30)/(-4) + -4). Suppose 7*d = -14 + t. Suppose 0 = 3*q - d - 9. What is the units digit of q?
4
Let b be (-18 - -19)/((-1)/(-4)). Suppose 4*q = b*p - q - 847, -3*p = 2*q - 664. What is the units digit of p?
8
Let w(o) = 68 - 35 - o + 68 - 14. What is the units digit of w(0)?
7
Suppose -15*g + 14*g = -622. Let y = g + -352. What is the units digit of y?
0
Suppose 16*l = 53*l - 68820. What is the tens digit of l?
6
Let i(m) = -519*m - 1337. What is the tens digit of i(-6)?
7
Let s(u) = 3*u**2 + 66*u - 118. What is the units digit of s(-37)?
7
Let r be 2/(-8) + 176/(-64) - -12. Let c(u) be the third derivative of u**5/60 - u**4/24 - 7*u**3/6 + u**2. What is the tens digit of c(r)?
6
Suppose 2*u - 5*w + 91 = 0, 35 + 57 = -2*u + 4*w. Let g be 2/(-16) + (-198)/u. Let v = g - 3. What is the units digit of v?
1
Let o(q) be the first derivative of -q**7/840 + q**6/180 + q**4/12 + 5*q**3/3 - 2. Let r(v) be the third derivative of o(v). What is the units digit of r(2)?
2
Suppose 3*v + u = 663, -3*v + 6*v - 663 = 5*u. What is the tens digit of v?
2
Let i(s) = 21*s**3 + 2*s**2 - 3*s. Let p be i(3). Suppose 18*g - p = 14*g. Suppose -5*d + g = -171. What is the units digit of d?
3
Let d(r) = -2*r**2 + 4*r + 2. Let i(g) = -3*g**2 + 7*g + 4. Let v(m) = -5*d(m) + 3*i(m). What is the units digit of v(-2)?
4
Suppose 3*p - 4771 = -10*p. What is the hundreds digit of p?
3
Let v be (-1 + 1)/(8/(-8)). Suppose 5*n + 2*s - 397 = v, 5*n - 2*n - 227 = -4*s. What is the tens digit of n?
8
Let y = -22 - -26. Let j(m) = 4*m**2 + 5*m - m**3 - 5*m + 4*m + 4. What is the tens digit of j(y)?
2
Suppose -2*n = 2*n + 8. Let d be 1268/36 - n/(-9). Suppose -64 = -3*w + d. What is the tens digit of w?
3
Suppose -3*n + 119 = 3*a + 2*n, -a + n = -37. Suppose -22 - a = -5*w. What is the units digit of w/54 + (-122)/(-18)?
7
Suppose -175*l + 157*l = -72774. What is the tens digit of l?
4
Suppose -4*i - 23 = 4*f + 5, -f - 3*i - 5 = 0. Let x(m) = m**2 + 6*m - 6. Let p be x(f). What is the tens digit of (-220)/(-6)*12/p?
4
Let x(o) be the third derivative of 2/3*o**3 + 0*o + 1/3*o**4 + 0 - 1/60*o**5 + 2*o**2. What is the units digit of x(5)?
9
Let s(z) = 366*z - 112. What is the units digit of s(5)?
8
Let s be ((-9)/(-4))/((33/120)/11). Suppose 120 = 93*q - s*q. What is the tens digit of q?
4
Let y(w) = -15*w**2 - 8*w**3 + 10*w**3 - 3*w**3 + 14 - 15*w. What is the units digit of y(-14)?
8
Let p = 8 - -13. Suppose 3*a + 4*b = p, 2*b - 6*b + 9 = -a. Suppose 49 = a*w + 5*g, 3*w + w - 22 = 2*g. What is the units digit of w?
8
Let o be 1 + (-10)/25*-5. Suppose 288 = 4*m + 4*j, -j + 164 = 2*m - o*j. What is the tens digit of m?
7
Let g(w) = w**3 - w**2 - w + 3. Let h be g(2). Suppose -h*d = -66 - 79. What is the units digit of d?
9
Let b(p) be the first derivative of -p**7/840 + p**4/2 - 2*p**3/3 - 6. Let i(d) be the third derivative of b(d). What is the tens digit of i(0)?
1
Let i be (-2)/(-11) - 222/11. Let q = i + 30. What is the units digit of (-15)/q - 51/(-2)?
4
Let k(t) = -t**3 + 15*t**2 - 21*t + 6. Let v be k(14). Let m = v - -226. What is the hundreds digit of m?
1
Suppose -3*g = 4*t - 1443, 2498 = 5*g - t + 70. What is the units digit of g?
5
Let y(